{"id":2929,"date":"2022-03-29T14:04:00","date_gmt":"2022-03-29T12:04:00","guid":{"rendered":"https:\/\/www.azti.es\/aztinnova\/?page_id=2929"},"modified":"2022-03-29T14:04:00","modified_gmt":"2022-03-29T12:04:00","slug":"escaparate-de-innovacion","status":"publish","type":"page","link":"https:\/\/www.azti.es\/aztinnova\/escaparate-de-innovacion\/","title":{"rendered":"Escaparate de innovaci\u00f3n"},"content":{"rendered":"<section class=\"wpb-content-wrapper\"><p>[vc_row content_placement=&#8221;middle&#8221; bg_type=&#8221;bg_color&#8221; bg_override=&#8221;full&#8221; seperator_enable=&#8221;seperator_enable_value&#8221; seperator_position=&#8221;bottom_seperator&#8221; icon_type=&#8221;selector&#8221; icon=&#8221;icomoon-the7-font-the7-arrow-05&#8243; icon_size=&#8221;20&#8243; icon_color=&#8221;#000000&#8243; bg_color_value=&#8221;rgba(0,0,0,0.06)&#8221; css=&#8221;.vc_custom_1604317725684{margin-top: -70px !important;padding-top: 20px !important;padding-bottom: 20px !important;}&#8221;][vc_column]<div id=\"ultimate-heading-923569d77d606111c\" class=\"uvc-heading ult-adjust-bottom-margin ultimate-heading-923569d77d606111c uvc-4409  uvc-heading-default-font-sizes\" data-hspacer=\"no_spacer\"  data-halign=\"center\" style=\"text-align:center\"><div class=\"uvc-heading-spacer no_spacer\" style=\"top\"><\/div><div class=\"uvc-main-heading ult-responsive\"  data-ultimate-target='.uvc-heading.ultimate-heading-923569d77d606111c h1'  data-responsive-json-new='{\"font-size\":\"\",\"line-height\":\"\"}' ><h1 style=\"font-weight:bold;\">Escaparate de innovaci\u00f3n<\/h1><\/div><\/div><div class=\"ult-spacer spacer-69d77d606116a\" data-id=\"69d77d606116a\" data-height=\"20\" data-height-mobile=\"20\" data-height-tab=\"20\" data-height-tab-portrait=\"20\" data-height-mobile-landscape=\"20\" style=\"clear:both;display:block;\"><\/div>[\/vc_column][\/vc_row][vc_row][vc_column width=&#8221;1\/6&#8243;][\/vc_column][vc_column width=&#8221;2\/3&#8243;]<div class=\"ult-spacer spacer-69d77d606118d\" data-id=\"69d77d606118d\" data-height=\"20\" data-height-mobile=\"20\" data-height-tab=\"20\" data-height-tab-portrait=\"20\" data-height-mobile-landscape=\"20\" style=\"clear:both;display:block;\"><\/div>[vc_column_text]<\/p>\n<p style=\"text-align: center;\">En este escaparate encontrar\u00e1s las novedades de las principales marcas del sector que fomentan la innovaci\u00f3n y el crecimiento.<\/p>\n<p>[\/vc_column_text][vc_column_text]<\/p>\n<p style=\"text-align: center;\"><strong>\u00bfQuieres exponer aqu\u00ed tus novedades?<\/strong><\/p>\n<p>[\/vc_column_text][vc_btn title=&#8221;Estos son los requisitos&#8221; style=&#8221;outline-custom&#8221; outline_custom_color=&#8221;#000000&#8243; outline_custom_hover_background=&#8221;#ffda00&#8243; outline_custom_hover_text=&#8221;#000000&#8243; shape=&#8221;square&#8221; align=&#8221;center&#8221; i_align=&#8221;right&#8221; i_type=&#8221;openiconic&#8221; i_icon_openiconic=&#8221;vc-oi vc-oi-list&#8221; add_icon=&#8221;true&#8221; link=&#8221;url:%2Faztinnova%2Frequisitos-para-exponer-en-el-escaparate-de-innovacion%2F&#8221;][\/vc_column][vc_column width=&#8221;1\/6&#8243;][\/vc_column][\/vc_row][vc_row full_width=&#8221;stretch_row_content&#8221; bg_type=&#8221;bg_color&#8221; bg_color_value=&#8221;#ffffff&#8221; css=&#8221;.vc_custom_1604318225996{margin-top: 0px !important;}&#8221;][vc_column][vc_column_text]<div class='news-main-container grid'><div class='grid-item producto' style='background-image: url(https:\/\/www.azti.es\/aztinnova\/wp-content\/uploads\/2024\/10\/El-corner-que-te-cuida2-1-683x1024.jpg)'><a class='box' href='https:\/\/www.azti.es\/aztinnova\/producto\/el-corner-que-te-cuida-2024\/'><span class='title'>El c\u00f3rner que te cuida | 2024<\/span><span class='text'>El mejor complemento para tu caf\u00e9<\/span><\/a><\/div><div class='grid-item producto' style='background-image: url(https:\/\/www.azti.es\/aztinnova\/wp-content\/uploads\/2024\/05\/Gradhoc_interface.jpg)'><a class='box' href='https:\/\/www.azti.es\/aztinnova\/producto\/gradhoc\/'><span class='title'>Gradhoc | 2024<\/span><span class='text'>Conservaci\u00f3n alimentaria al menor coste como camino hacia la descarbonizaci\u00f3n<\/span><\/a><\/div><div class='grid-item producto' style='background-image: url(https:\/\/www.azti.es\/aztinnova\/wp-content\/uploads\/2024\/04\/BIOSASUN.png)'><a class='box' href='https:\/\/www.azti.es\/aztinnova\/producto\/oleohealth\/'><span class='title'>Oleohealth | 2024<\/span><span class='text'>Gama de productos basada en el uso de polifenoles propios<\/span><\/a><\/div><div class='grid-item producto' style='background-image: url(https:\/\/www.azti.es\/aztinnova\/wp-content\/uploads\/2024\/04\/Productos_Costa-Concentrados-Levantinos_AZTInnova.jpg)'><a class='box' href='https:\/\/www.azti.es\/aztinnova\/producto\/costa\/'><span class='title'>Costa | 2024<\/span><span class='text'>El arte de convertir una planta en una bebida<\/span><\/a><\/div><div class='grid-item producto' style='background-image: url(https:\/\/www.azti.es\/aztinnova\/wp-content\/uploads\/2024\/04\/alternativas-carne-copia.jpg)'><a class='box' href='https:\/\/www.azti.es\/aztinnova\/producto\/natur-all\/'><span class='title'>NaturAll! | 2024<\/span><span class='text'>Alternativas vegetales innovadoras<\/span><\/a><\/div><div class='grid-item producto' style='background-image: url(https:\/\/www.azti.es\/aztinnova\/wp-content\/uploads\/2024\/04\/Bodegon_japon-4-copia.jpg)'><a class='box' href='https:\/\/www.azti.es\/aztinnova\/producto\/krissia-recetas-japonesas\/'><span class='title'>Krissia\u00ae recetas japonesas | 2024<\/span><span class='text'>La gastronom\u00eda japonesa en tu casa<\/span><\/a><\/div><div class='grid-item producto' style='background-image: url(https:\/\/www.azti.es\/aztinnova\/wp-content\/uploads\/2024\/04\/AGM-Aros-de-mar-veggie-1-copia.jpg)'><a class='box' href='https:\/\/www.azti.es\/aztinnova\/producto\/nuevas-recetas-aguinamar\/'><span class='title'>Nuevas recetas Aguinamar\u00ae | 2024<\/span><span class='text'>El sabor y la calidad del mar <\/span><\/a><\/div><div class='grid-item producto' style='background-image: url(https:\/\/www.azti.es\/aztinnova\/wp-content\/uploads\/2023\/05\/fict_GULAS_pescaito.jpg)'><a class='box' href='https:\/\/www.azti.es\/aztinnova\/producto\/la-gula-aguinaga\/'><span class='title'>La Gula\u00ae | 2024<\/span><span class='text'>Innovaci\u00f3n al servicio del consumidor<\/span><\/a><\/div><div class='grid-item producto' style='background-image: url(https:\/\/www.azti.es\/aztinnova\/wp-content\/uploads\/2024\/04\/BOTELLA-ROSECOPA_WEB-copia.jpg)'><a class='box' href='https:\/\/www.azti.es\/aztinnova\/producto\/miro-vermu-rose\/'><span class='title'>Mir\u00f3 Verm\u00fa Ros\u00e9 | 2024<\/span><span class='text'>Un vermu\u00fa original, rosado y muy arom\u00e1tico<\/span><\/a><\/div><div class='grid-item producto' style='background-image: url(https:\/\/www.azti.es\/aztinnova\/wp-content\/uploads\/2024\/03\/CajaXarmant_800x800-1.jpg)'><a class='box' href='https:\/\/www.azti.es\/aztinnova\/producto\/txakoli-xarmant-en-lata\/'><span class='title'>Txakoli Xarmant en lata | 2024<\/span><span class='text'>Txakoli de buena calidad en envase m\u00e1s sostenible.<\/span><\/a><\/div><div class='grid-item producto' style='background-image: url(https:\/\/www.azti.es\/aztinnova\/wp-content\/uploads\/2023\/05\/hamburguesa_better_balance.jpg)'><a class='box' href='https:\/\/www.azti.es\/aztinnova\/producto\/better-balance-2\/'><span class='title'>Better Balance | 2024<\/span><span class='text'>Productos de prote\u00edna vegetal a la conquista de todos los consumidores<\/span><\/a><\/div><div class='grid-item producto' style='background-image: url(https:\/\/www.azti.es\/aztinnova\/wp-content\/uploads\/2023\/05\/snacking_for_you.jpg)'><a class='box' href='https:\/\/www.azti.es\/aztinnova\/producto\/campofrio-snackin-2\/'><span class='title'>Campofr\u00edo Snack&#8217;IN | 2024<\/span><span class='text'>El resultado de unir lo tradicional y lo moderno<\/span><\/a><\/div><\/div><div class='wp-pagenavi' role='navigation'>\n<span aria-current='page' class='current'>1<\/span><a class=\"page larger\" title=\"P\u00e1gina 2\" href=\"https:\/\/www.azti.es\/aztinnova\/wp-json\/wp\/v2\/pages\/2929\/page\/2\/\">2<\/a><a class=\"page larger\" title=\"P\u00e1gina 3\" href=\"https:\/\/www.azti.es\/aztinnova\/wp-json\/wp\/v2\/pages\/2929\/page\/3\/\">3<\/a><a class=\"page larger\" title=\"P\u00e1gina 4\" href=\"https:\/\/www.azti.es\/aztinnova\/wp-json\/wp\/v2\/pages\/2929\/page\/4\/\">4<\/a><a class=\"page larger\" title=\"P\u00e1gina 5\" href=\"https:\/\/www.azti.es\/aztinnova\/wp-json\/wp\/v2\/pages\/2929\/page\/5\/\">5<\/a><a class=\"nextpostslink\" rel=\"next\" aria-label=\"P\u00e1gina siguiente\" href=\"https:\/\/www.azti.es\/aztinnova\/wp-json\/wp\/v2\/pages\/2929\/page\/2\/\">&#8594;<\/a>\n<\/div><style>\n      .grid-item { \n        width: calc(25% - 20px); \n        margin: 10px;\n      }\n      @media only screen and (max-width: 1600px) {\n        .grid-item { width: calc(33.33% - 20px); }\n      }\n      @media only screen and (max-width: 1300px) {\n        .grid-item { width: calc(50% - 20px); }\n      }\n      @media only screen and (max-width: 900px) {\n        .grid-item { width: calc(100% - 20px); }\n      }\n      .grid-item {\n          background: transparent none center center no-repeat;\n          background-size: cover;\n          min-height: 400px;\n      }\n      .grid-item a.box {\n          padding: 20px 20px 50px 20px;\n          display: block;\n          position: absolute;\n          background-color: #f5f5f5e6;\n          width: calc(100% - 160px);\n          height: 145px;\n          bottom: 0px;\n          right: 0px;\n          text-decoration: none;\n          color: #141414;\n          font-size: 13px;\n          line-height: 120%;\n          transition: background-color 0.3s;\n          \n      }\n      @media only screen and (max-width: 520px) {\n       \t.grid-item a.box {\n                 width: calc(100% - 40px);\n       \t}\t\n      }\n      \n      .grid-item a.box:hover {\n          background-color: #f5f5f5;\n      }\n      .grid-item a.box:before {\n          content: '+';\n          position: absolute;\n          font-size: 39px;\n          bottom: 15px;\n          left: 16px;\n          font-weight: 300;\n          transition: color 0.3s;\n      }\n      .grid-item a.box:hover:before {\n          color: #ffda00;\n      }\n      .grid-item a.box span {\n          font-weight: 700;\n          font-size: 18px;\n          line-height: 22px;\n          display: block;\n          margin-bottom: 10px;\n      }\n      .grid-item a.box span.subtitle {\n          font-weight: 500;\n          font-size: 14px;\n          line-height: 18px;\n      }\n      .grid-item a.box span.tag {\n          background-color: #ffda00;\n          padding: 3px 9px;\n          \/*border-radius: 9px;*\/\n          display: inline-block;\n          font-size: 12px;\n          position: relative;\n          margin-right: 4px;\n          text-transform: capitalize;\n      }\n      .grid-item a.box span.tag.terminado {\n          color: #ffffff;\n          background-color: #000000;\n      }\n      .grid-item a.box span.tag:before {\n          content: ' ';\n          border-style: solid;\n          border-width: 0 10px 10px 0;\n          border-color: transparent #000000 transparent transparent;\n          position: absolute;\n          top: 0px;\n          right: 0px;\n      }\n      .grid-item a.box span.tag.terminado:before {\n          border-color: transparent #ffda00 transparent transparent;\n      }\n      .grid-item a.box span.text,\n      .grid-item a.box span.date {\n          font-weight: 300;\n          font-size: 14px;\n          margin-bottomn: 0px;\n          line-height: 18px;\n      }\n    <\/style>[\/vc_column_text]<div class=\"ult-spacer spacer-69d77d606709d\" data-id=\"69d77d606709d\" data-height=\"20\" data-height-mobile=\"20\" data-height-tab=\"20\" data-height-tab-portrait=\"20\" data-height-mobile-landscape=\"20\" style=\"clear:both;display:block;\"><\/div>[\/vc_column][\/vc_row][vc_row content_placement=&#8221;middle&#8221; bg_type=&#8221;image&#8221; parallax_style=&#8221;vcpb-default&#8221; bg_image_new=&#8221;id^555|url^https:\/\/www.azti.es\/aztinnova\/wp-content\/uploads\/2020\/11\/lechuga.jpg|caption^null|alt^null|title^lechuga|description^null&#8221; bg_image_repeat=&#8221;no-repeat&#8221; bg_image_posiiton=&#8221;center center&#8221; bg_override=&#8221;ex-full&#8221; css=&#8221;.vc_custom_1605691850207{margin-bottom: -70px !important;}&#8221; el_id=&#8221;banner&#8221;][vc_column width=&#8221;1\/6&#8243;][\/vc_column][vc_column width=&#8221;2\/3&#8243; css=&#8221;.vc_custom_1604312615876{padding-top: 30px !important;padding-right: 30px !important;padding-bottom: 30px !important;padding-left: 30px !important;background-color: rgba(255,255,255,0.83) !important;*background-color: rgb(255,255,255) !important;}&#8221;]<div class=\"ult-spacer spacer-69d77d60670bf\" data-id=\"69d77d60670bf\" data-height=\"40\" data-height-mobile=\"20\" data-height-tab=\"40\" data-height-tab-portrait=\"20\" data-height-mobile-landscape=\"20\" style=\"clear:both;display:block;\"><\/div>[vc_separator color=&#8221;custom&#8221; border_width=&#8221;4&#8243; el_width=&#8221;20&#8243; accent_color=&#8221;#000000&#8243;][vc_column_text css=&#8221;.vc_custom_1607682425125{padding-right: 10% !important;padding-left: 10% !important;}&#8221;]<\/p>\n<h2 style=\"text-align: center;\"><strong>AZTInnova es una comunidad exclusiva de innovaci\u00f3n y networking para la cadena de valor de la alimentaci\u00f3n que busca encontrar soluciones a los retos del sector.<\/strong><\/h2>\n<p>[\/vc_column_text][vc_separator color=&#8221;custom&#8221; border_width=&#8221;4&#8243; el_width=&#8221;20&#8243; accent_color=&#8221;#000000&#8243;]<div class=\"ult-spacer spacer-69d77d60670e3\" data-id=\"69d77d60670e3\" data-height=\"40\" data-height-mobile=\"20\" data-height-tab=\"40\" data-height-tab-portrait=\"20\" data-height-mobile-landscape=\"20\" style=\"clear:both;display:block;\"><\/div>[vc_row_inner content_placement=&#8221;middle&#8221;][vc_column_inner width=&#8221;1\/2&#8243;][vc_btn title=&#8221;SOBRE AZTINNOVA&#8221; style=&#8221;custom&#8221; custom_background=&#8221;#000000&#8243; custom_text=&#8221;#ffffff&#8221; shape=&#8221;square&#8221; align=&#8221;right&#8221; i_align=&#8221;right&#8221; i_icon_fontawesome=&#8221;fas fa-angle-right&#8221; add_icon=&#8221;true&#8221; link=&#8221;url:%2Faztinnova%2Fsobre-aztinnova%2F&#8221;][\/vc_column_inner][vc_column_inner width=&#8221;1\/2&#8243;][vc_btn title=&#8221;<b>CONT\u00c1CTENOS<\/b>&#8221; style=&#8221;outline-custom&#8221; outline_custom_color=&#8221;#000000&#8243; outline_custom_hover_background=&#8221;#ffda00&#8243; outline_custom_hover_text=&#8221;#000000&#8243; shape=&#8221;square&#8221; align=&#8221;left&#8221; i_align=&#8221;right&#8221; i_type=&#8221;openiconic&#8221; i_icon_openiconic=&#8221;vc-oi vc-oi-chat&#8221; add_icon=&#8221;true&#8221; link=&#8221;url:%2Faztinnova%2Fcontacto&#8221;][\/vc_column_inner][\/vc_row_inner]<div class=\"ult-spacer spacer-69d77d60670fc\" data-id=\"69d77d60670fc\" data-height=\"20\" data-height-mobile=\"20\" data-height-tab=\"20\" data-height-tab-portrait=\"20\" data-height-mobile-landscape=\"20\" style=\"clear:both;display:block;\"><\/div>[\/vc_column][vc_column width=&#8221;1\/6&#8243;][\/vc_column][\/vc_row]<\/p>\n<\/section>","protected":false},"excerpt":{"rendered":"<p>[vc_row content_placement=&#8221;middle&#8221; bg_type=&#8221;bg_color&#8221; bg_override=&#8221;full&#8221; seperator_enable=&#8221;seperator_enable_value&#8221; seperator_position=&#8221;bottom_seperator&#8221; icon_type=&#8221;selector&#8221; icon=&#8221;icomoon-the7-font-the7-arrow-05&#8243; icon_size=&#8221;20&#8243; icon_color=&#8221;#000000&#8243; bg_color_value=&#8221;rgba(0,0,0,0.06)&#8221; css=&#8221;.vc_custom_1604317725684{margin-top: -70px !important;padding-top: 20px !important;padding-bottom: 20px !important;}&#8221;][vc_column][\/vc_column][\/vc_row][vc_row][vc_column width=&#8221;1\/6&#8243;][\/vc_column][vc_column width=&#8221;2\/3&#8243;][vc_column_text] En este escaparate encontrar\u00e1s las novedades de las principales marcas del sector que fomentan la innovaci\u00f3n y el crecimiento. [\/vc_column_text][vc_column_text] \u00bfQuieres exponer aqu\u00ed tus novedades? [\/vc_column_text][vc_btn title=&#8221;Estos son los requisitos&#8221; style=&#8221;outline-custom&#8221; outline_custom_color=&#8221;#000000&#8243; outline_custom_hover_background=&#8221;#ffda00&#8243; outline_custom_hover_text=&#8221;#000000&#8243; shape=&#8221;square&#8221;&hellip;<\/p>\n","protected":false},"author":482,"featured_media":0,"parent":0,"menu_order":60,"comment_status":"closed","ping_status":"closed","template":"","meta":[],"yoast_head":"<!-- This site is optimized with the Yoast SEO plugin v20.2.1 - https:\/\/yoast.com\/wordpress\/plugins\/seo\/ -->\n<title>Escaparate de innovaci\u00f3n - Aztinnova<\/title>\n<meta name=\"description\" content=\"Toda la informaci\u00f3n que necesitar para conocer mejor el entorno y desarrollar tus capacidades y conocimiento sobre la cadena alimentaria.\" \/>\n<meta name=\"robots\" content=\"index, follow, max-snippet:-1, max-image-preview:large, max-video-preview:-1\" \/>\n<link rel=\"canonical\" href=\"https:\/\/www.azti.es\/aztinnova\/escaparate-de-innovacion\/\" \/>\n<meta property=\"og:locale\" content=\"es_ES\" \/>\n<meta property=\"og:type\" content=\"article\" \/>\n<meta property=\"og:title\" content=\"Escaparate de innovaci\u00f3n - Aztinnova\" \/>\n<meta property=\"og:description\" content=\"Toda la informaci\u00f3n que necesitar para conocer mejor el entorno y desarrollar tus capacidades y conocimiento sobre la cadena alimentaria.\" \/>\n<meta property=\"og:url\" content=\"https:\/\/www.azti.es\/aztinnova\/escaparate-de-innovacion\/\" \/>\n<meta property=\"og:site_name\" content=\"Aztinnova\" \/>\n<meta name=\"twitter:card\" content=\"summary_large_image\" \/>\n<meta name=\"twitter:label1\" content=\"Tiempo de lectura\" \/>\n\t<meta name=\"twitter:data1\" content=\"1 minuto\" \/>\n<script type=\"application\/ld+json\" class=\"yoast-schema-graph\">{\"@context\":\"https:\/\/schema.org\",\"@graph\":[{\"@type\":\"WebPage\",\"@id\":\"https:\/\/www.azti.es\/aztinnova\/escaparate-de-innovacion\/\",\"url\":\"https:\/\/www.azti.es\/aztinnova\/escaparate-de-innovacion\/\",\"name\":\"Escaparate de innovaci\u00f3n - Aztinnova\",\"isPartOf\":{\"@id\":\"https:\/\/www.azti.es\/aztinnova\/#website\"},\"datePublished\":\"2022-03-29T12:04:00+00:00\",\"dateModified\":\"2022-03-29T12:04:00+00:00\",\"description\":\"Toda la informaci\u00f3n que necesitar para conocer mejor el entorno y desarrollar tus capacidades y conocimiento sobre la cadena alimentaria.\",\"inLanguage\":\"es\",\"potentialAction\":[{\"@type\":\"ReadAction\",\"target\":[\"https:\/\/www.azti.es\/aztinnova\/escaparate-de-innovacion\/\"]}]},{\"@type\":\"WebSite\",\"@id\":\"https:\/\/www.azti.es\/aztinnova\/#website\",\"url\":\"https:\/\/www.azti.es\/aztinnova\/\",\"name\":\"Aztinnova\",\"description\":\"Comunidad de innovaci\u00f3n y networking\",\"potentialAction\":[{\"@type\":\"SearchAction\",\"target\":{\"@type\":\"EntryPoint\",\"urlTemplate\":\"https:\/\/www.azti.es\/aztinnova\/?s={search_term_string}\"},\"query-input\":\"required name=search_term_string\"}],\"inLanguage\":\"es\"}]}<\/script>\n<!-- \/ Yoast SEO plugin. -->","yoast_head_json":{"title":"Escaparate de innovaci\u00f3n - Aztinnova","description":"Toda la informaci\u00f3n que necesitar para conocer mejor el entorno y desarrollar tus capacidades y conocimiento sobre la cadena alimentaria.","robots":{"index":"index","follow":"follow","max-snippet":"max-snippet:-1","max-image-preview":"max-image-preview:large","max-video-preview":"max-video-preview:-1"},"canonical":"https:\/\/www.azti.es\/aztinnova\/escaparate-de-innovacion\/","og_locale":"es_ES","og_type":"article","og_title":"Escaparate de innovaci\u00f3n - Aztinnova","og_description":"Toda la informaci\u00f3n que necesitar para conocer mejor el entorno y desarrollar tus capacidades y conocimiento sobre la cadena alimentaria.","og_url":"https:\/\/www.azti.es\/aztinnova\/escaparate-de-innovacion\/","og_site_name":"Aztinnova","twitter_card":"summary_large_image","twitter_misc":{"Tiempo de lectura":"1 minuto"},"schema":{"@context":"https:\/\/schema.org","@graph":[{"@type":"WebPage","@id":"https:\/\/www.azti.es\/aztinnova\/escaparate-de-innovacion\/","url":"https:\/\/www.azti.es\/aztinnova\/escaparate-de-innovacion\/","name":"Escaparate de innovaci\u00f3n - Aztinnova","isPartOf":{"@id":"https:\/\/www.azti.es\/aztinnova\/#website"},"datePublished":"2022-03-29T12:04:00+00:00","dateModified":"2022-03-29T12:04:00+00:00","description":"Toda la informaci\u00f3n que necesitar para conocer mejor el entorno y desarrollar tus capacidades y conocimiento sobre la cadena alimentaria.","inLanguage":"es","potentialAction":[{"@type":"ReadAction","target":["https:\/\/www.azti.es\/aztinnova\/escaparate-de-innovacion\/"]}]},{"@type":"WebSite","@id":"https:\/\/www.azti.es\/aztinnova\/#website","url":"https:\/\/www.azti.es\/aztinnova\/","name":"Aztinnova","description":"Comunidad de innovaci\u00f3n y networking","potentialAction":[{"@type":"SearchAction","target":{"@type":"EntryPoint","urlTemplate":"https:\/\/www.azti.es\/aztinnova\/?s={search_term_string}"},"query-input":"required name=search_term_string"}],"inLanguage":"es"}]}},"_links":{"self":[{"href":"https:\/\/www.azti.es\/aztinnova\/wp-json\/wp\/v2\/pages\/2929"}],"collection":[{"href":"https:\/\/www.azti.es\/aztinnova\/wp-json\/wp\/v2\/pages"}],"about":[{"href":"https:\/\/www.azti.es\/aztinnova\/wp-json\/wp\/v2\/types\/page"}],"author":[{"embeddable":true,"href":"https:\/\/www.azti.es\/aztinnova\/wp-json\/wp\/v2\/users\/482"}],"replies":[{"embeddable":true,"href":"https:\/\/www.azti.es\/aztinnova\/wp-json\/wp\/v2\/comments?post=2929"}],"version-history":[{"count":0,"href":"https:\/\/www.azti.es\/aztinnova\/wp-json\/wp\/v2\/pages\/2929\/revisions"}],"wp:attachment":[{"href":"https:\/\/www.azti.es\/aztinnova\/wp-json\/wp\/v2\/media?parent=2929"}],"curies":[{"name":"wp","href":"https:\/\/api.w.org\/{rel}","templated":true}]}}