{"id":2238,"date":"2021-05-03T07:56:22","date_gmt":"2021-05-03T05:56:22","guid":{"rendered":"https:\/\/www.azti.es\/aztinnova\/?page_id=2238"},"modified":"2022-03-30T09:24:27","modified_gmt":"2022-03-30T07:24:27","slug":"requisitos-para-exponer-en-el-escaparate-de-innovacion","status":"publish","type":"page","link":"https:\/\/www.azti.es\/aztinnova\/requisitos-para-exponer-en-el-escaparate-de-innovacion\/","title":{"rendered":"Requisitos para exponer en el Escaparate de Innovaci\u00f3n"},"content":{"rendered":"<h2><strong>Empresas de INGREDIENTES Y PRODUCTOS ALIMENTARIOS<\/strong>:<\/h2>\n<ul>\n<li>Ser empresa asociada de AZTInnova<\/li>\n<li>Lanzamiento al mercado: 1-2 a\u00f1os.<\/li>\n<li>1 o 2 fotos.<\/li>\n<li>Descripci\u00f3n del ingrediente \/producto y ventajas (m\u00e1ximo 120 palabras).<\/li>\n<li>Valoraci\u00f3n positiva por parte del equipo AZTInnova.<\/li>\n<\/ul>\n<h2><strong>Empresas de <\/strong><strong>TECNOLOG\u00cdAS Y SOLUCIONES para el sector agroalimentario<\/strong>:<\/h2>\n<ul>\n<li>Ser empresa asociada de AZTInnova<\/li>\n<li>Lanzamiento al mercado: 1-5 a\u00f1os.<\/li>\n<li>1 o 2 fotos.<\/li>\n<li>Descripci\u00f3n y ventajas (m\u00e1ximo 120 palabras).<\/li>\n<li>Valoraci\u00f3n positiva por parte del equipo AZTInnova.<\/li>\n<\/ul>\n","protected":false},"excerpt":{"rendered":"<p>Empresas de INGREDIENTES Y PRODUCTOS ALIMENTARIOS: Ser empresa asociada de AZTInnova Lanzamiento al mercado: 1-2 a\u00f1os. 1 o 2 fotos. Descripci\u00f3n del ingrediente \/producto y ventajas (m\u00e1ximo 120 palabras). Valoraci\u00f3n positiva por parte del equipo AZTInnova. Empresas de TECNOLOG\u00cdAS Y SOLUCIONES para el sector agroalimentario: Ser empresa asociada de AZTInnova Lanzamiento al mercado: 1-5 a\u00f1os.&hellip;<\/p>\n","protected":false},"author":57,"featured_media":0,"parent":0,"menu_order":600,"comment_status":"closed","ping_status":"closed","template":"","meta":[],"yoast_head":"<!-- This site is optimized with the Yoast SEO plugin v20.2.1 - https:\/\/yoast.com\/wordpress\/plugins\/seo\/ -->\n<title>Requisitos para exponer en el Escaparate de Innovaci\u00f3n - Aztinnova<\/title>\n<meta name=\"description\" content=\"Si quieres exponer sus ingredientes y productos alimentarios o sus tecnolog\u00edas y soluciones, estos son los requisitos que han de cumplir\" \/>\n<meta name=\"robots\" content=\"index, follow, max-snippet:-1, max-image-preview:large, max-video-preview:-1\" \/>\n<link rel=\"canonical\" href=\"https:\/\/www.azti.es\/aztinnova\/requisitos-para-exponer-en-el-escaparate-de-innovacion\/\" \/>\n<meta property=\"og:locale\" content=\"es_ES\" \/>\n<meta property=\"og:type\" content=\"article\" \/>\n<meta property=\"og:title\" content=\"Requisitos para exponer en el Escaparate de Innovaci\u00f3n - Aztinnova\" \/>\n<meta property=\"og:description\" content=\"Si quieres exponer sus ingredientes y productos alimentarios o sus tecnolog\u00edas y soluciones, estos son los requisitos que han de cumplir\" \/>\n<meta property=\"og:url\" content=\"https:\/\/www.azti.es\/aztinnova\/requisitos-para-exponer-en-el-escaparate-de-innovacion\/\" \/>\n<meta property=\"og:site_name\" content=\"Aztinnova\" \/>\n<meta property=\"article:modified_time\" content=\"2022-03-30T07:24:27+00:00\" \/>\n<meta name=\"twitter:card\" content=\"summary_large_image\" \/>\n<meta name=\"twitter:label1\" content=\"Tiempo de lectura\" \/>\n\t<meta name=\"twitter:data1\" content=\"1 minuto\" \/>\n<script type=\"application\/ld+json\" class=\"yoast-schema-graph\">{\"@context\":\"https:\/\/schema.org\",\"@graph\":[{\"@type\":\"WebPage\",\"@id\":\"https:\/\/www.azti.es\/aztinnova\/requisitos-para-exponer-en-el-escaparate-de-innovacion\/\",\"url\":\"https:\/\/www.azti.es\/aztinnova\/requisitos-para-exponer-en-el-escaparate-de-innovacion\/\",\"name\":\"Requisitos para exponer en el Escaparate de Innovaci\u00f3n - Aztinnova\",\"isPartOf\":{\"@id\":\"https:\/\/www.azti.es\/aztinnova\/#website\"},\"datePublished\":\"2021-05-03T05:56:22+00:00\",\"dateModified\":\"2022-03-30T07:24:27+00:00\",\"description\":\"Si quieres exponer sus ingredientes y productos alimentarios o sus tecnolog\u00edas y soluciones, estos son los requisitos que han de cumplir\",\"inLanguage\":\"es\",\"potentialAction\":[{\"@type\":\"ReadAction\",\"target\":[\"https:\/\/www.azti.es\/aztinnova\/requisitos-para-exponer-en-el-escaparate-de-innovacion\/\"]}]},{\"@type\":\"WebSite\",\"@id\":\"https:\/\/www.azti.es\/aztinnova\/#website\",\"url\":\"https:\/\/www.azti.es\/aztinnova\/\",\"name\":\"Aztinnova\",\"description\":\"Comunidad de innovaci\u00f3n y networking\",\"potentialAction\":[{\"@type\":\"SearchAction\",\"target\":{\"@type\":\"EntryPoint\",\"urlTemplate\":\"https:\/\/www.azti.es\/aztinnova\/?s={search_term_string}\"},\"query-input\":\"required name=search_term_string\"}],\"inLanguage\":\"es\"}]}<\/script>\n<!-- \/ Yoast SEO plugin. -->","yoast_head_json":{"title":"Requisitos para exponer en el Escaparate de Innovaci\u00f3n - Aztinnova","description":"Si quieres exponer sus ingredientes y productos alimentarios o sus tecnolog\u00edas y soluciones, estos son los requisitos que han de cumplir","robots":{"index":"index","follow":"follow","max-snippet":"max-snippet:-1","max-image-preview":"max-image-preview:large","max-video-preview":"max-video-preview:-1"},"canonical":"https:\/\/www.azti.es\/aztinnova\/requisitos-para-exponer-en-el-escaparate-de-innovacion\/","og_locale":"es_ES","og_type":"article","og_title":"Requisitos para exponer en el Escaparate de Innovaci\u00f3n - Aztinnova","og_description":"Si quieres exponer sus ingredientes y productos alimentarios o sus tecnolog\u00edas y soluciones, estos son los requisitos que han de cumplir","og_url":"https:\/\/www.azti.es\/aztinnova\/requisitos-para-exponer-en-el-escaparate-de-innovacion\/","og_site_name":"Aztinnova","article_modified_time":"2022-03-30T07:24:27+00:00","twitter_card":"summary_large_image","twitter_misc":{"Tiempo de lectura":"1 minuto"},"schema":{"@context":"https:\/\/schema.org","@graph":[{"@type":"WebPage","@id":"https:\/\/www.azti.es\/aztinnova\/requisitos-para-exponer-en-el-escaparate-de-innovacion\/","url":"https:\/\/www.azti.es\/aztinnova\/requisitos-para-exponer-en-el-escaparate-de-innovacion\/","name":"Requisitos para exponer en el Escaparate de Innovaci\u00f3n - Aztinnova","isPartOf":{"@id":"https:\/\/www.azti.es\/aztinnova\/#website"},"datePublished":"2021-05-03T05:56:22+00:00","dateModified":"2022-03-30T07:24:27+00:00","description":"Si quieres exponer sus ingredientes y productos alimentarios o sus tecnolog\u00edas y soluciones, estos son los requisitos que han de cumplir","inLanguage":"es","potentialAction":[{"@type":"ReadAction","target":["https:\/\/www.azti.es\/aztinnova\/requisitos-para-exponer-en-el-escaparate-de-innovacion\/"]}]},{"@type":"WebSite","@id":"https:\/\/www.azti.es\/aztinnova\/#website","url":"https:\/\/www.azti.es\/aztinnova\/","name":"Aztinnova","description":"Comunidad de innovaci\u00f3n y networking","potentialAction":[{"@type":"SearchAction","target":{"@type":"EntryPoint","urlTemplate":"https:\/\/www.azti.es\/aztinnova\/?s={search_term_string}"},"query-input":"required name=search_term_string"}],"inLanguage":"es"}]}},"_links":{"self":[{"href":"https:\/\/www.azti.es\/aztinnova\/wp-json\/wp\/v2\/pages\/2238"}],"collection":[{"href":"https:\/\/www.azti.es\/aztinnova\/wp-json\/wp\/v2\/pages"}],"about":[{"href":"https:\/\/www.azti.es\/aztinnova\/wp-json\/wp\/v2\/types\/page"}],"author":[{"embeddable":true,"href":"https:\/\/www.azti.es\/aztinnova\/wp-json\/wp\/v2\/users\/57"}],"replies":[{"embeddable":true,"href":"https:\/\/www.azti.es\/aztinnova\/wp-json\/wp\/v2\/comments?post=2238"}],"version-history":[{"count":0,"href":"https:\/\/www.azti.es\/aztinnova\/wp-json\/wp\/v2\/pages\/2238\/revisions"}],"wp:attachment":[{"href":"https:\/\/www.azti.es\/aztinnova\/wp-json\/wp\/v2\/media?parent=2238"}],"curies":[{"name":"wp","href":"https:\/\/api.w.org\/{rel}","templated":true}]}}