{"id":1899,"date":"2021-02-25T16:33:49","date_gmt":"2021-02-25T15:33:49","guid":{"rendered":"https:\/\/www.azti.es\/aztinnova\/?page_id=1899"},"modified":"2022-03-30T09:24:09","modified_gmt":"2022-03-30T07:24:09","slug":"aviso-legal","status":"publish","type":"page","link":"https:\/\/www.azti.es\/aztinnova\/aviso-legal\/","title":{"rendered":"Aviso Legal"},"content":{"rendered":"<p>El acceso a la web de Fundaci\u00f3n AZTI \u2013 AZTI Fundazioa, (en adelante, \u201cAZTI\u201d) y la informaci\u00f3n relativa a cualesquiera de los productos, servicios o informaciones contenidos en la misma comporta la sumisi\u00f3n y la aceptaci\u00f3n de las condiciones previstas en el presente Aviso Legal. Por ello le recomendamos que lea atentamente su contenido si usted desea acceder y hacer uso de la informaci\u00f3n y los servicios ofrecidos en la web de AZTInnova.<\/p>\n<p>Las condiciones recogidas a continuaci\u00f3n son las vigentes desde la fecha de su \u00faltima actualizaci\u00f3n. No obstante, AZTI se reserva el derecho a actualizar, modificar, o eliminar en cualquier momento la informaci\u00f3n contenida en su web, pudiendo incluso limitar o no permitir el acceso a dicha informaci\u00f3n sin previo aviso, especialmente cuando surjan dificultades t\u00e9cnicas que a criterio de AZTI disminuyan o anulen los niveles de seguridad est\u00e1ndares adoptados para el adecuado funcionamiento.<\/p>\n<h2><span id=\"1_Titularidad_de_la_web\" class=\"ez-toc-section\"><\/span>1) Titularidad de la web<\/h2>\n<p>FUNDACI\u00d3N AZTI \u2013 AZTI FUNDAZIOA, es una fundaci\u00f3n espa\u00f1ola con sede en Sukarrieta (Vizcaya), Txatxarramendi Irla, sin n\u00famero, inscrita en el Registro de Fundaciones del Pa\u00eds Vasco con el n\u00famero F-38, y provista de C.I.F. n\u00famero G-48.939.508.<\/p>\n<p>Contacto: Tel\u00e9fono: [+34 94 657 40 00] Fax: [+34 94 657 25 55] \/ Correo electr\u00f3nico: [info@azti.es].<\/p>\n<h2><span id=\"2_Politica_de_privacidad_y_de_proteccion_de_datos_personales\" class=\"ez-toc-section\"><\/span>2) Pol\u00edtica de privacidad y de protecci\u00f3n de datos personales<\/h2>\n<p>Como norma general la utilizaci\u00f3n de la web de AZTInnova no requiere como condici\u00f3n previa que los usuarios revelen sus datos personales.<\/p>\n<p>No obstante lo anterior, en aquellos supuestos en que el usuario requiera determinados servicios y comunique sus datos personales a AZTI, esta sociedad garantiza la confidencialidad de esos datos as\u00ed como el cumplimiento de la Ley Org\u00e1nica 3\/2018, de 5 de diciembre, de Protecci\u00f3n de Datos Personales y garant\u00eda de los derechos digitales y de su normativa de desarrollo adoptando las medidas t\u00e9cnicas necesarias para mantener el nivel de seguridad requerido.<\/p>\n<p>Consecuentemente, cuando a trav\u00e9s del portal de AZTInnova se recojan datos de car\u00e1cter personal mediante la cumplimentaci\u00f3n de un formulario, se informar\u00e1 al usuario del destinatario de la informaci\u00f3n, de la finalidad para la cual se recogen los datos, de la identidad y direcci\u00f3n del responsable del fichero al cual se incorporan sus datos y de la facultad del usuario de ejercitar los derechos de acceso, rectificaci\u00f3n, cancelaci\u00f3n y oposici\u00f3n al tratamiento de sus datos mediante petici\u00f3n escrita dirigida a la siguiente direcci\u00f3n: [Txatxarramendi ugartea z\/g \u2013 48395 Sukarrieta (Bizkaia)].<\/p>\n<p>AZTI garantiza que los datos personales recabados en los formularios se env\u00edan cifrando la informaci\u00f3n para evitar que la misma pueda ser visualizada por terceros.<\/p>\n<p>Al objeto de que la informaci\u00f3n contenida en nuestros ficheros est\u00e9 siempre actualizada rogamos a nuestros usuarios que nos comuniquen, a la mayor brevedad, las modificaciones y rectificaciones de sus datos de car\u00e1cter personal.<\/p>\n<h2><span id=\"3_Propiedad_industrial_e_intelectual\" class=\"ez-toc-section\"><\/span>3) Propiedad industrial e intelectual<\/h2>\n<p>Todos los contenidos de la p\u00e1gina web de AZTInnova entendi\u00e9ndose a t\u00edtulo meramente enunciativo los textos, documentos, fotograf\u00edas, dibujos, im\u00e1genes, iconos, representaciones gr\u00e1ficas, contenidos audiovisuales o sonoros, as\u00ed como su dise\u00f1o gr\u00e1fico y c\u00f3digo fuente, las marcas, nombres comerciales u otros signos distintivos, son titularidad exclusiva de AZTI o de terceros y est\u00e1n protegidos por las Leyes de Propiedad Industrial e Intelectual, excepto que se especifique lo contrario.<\/p>\n<p>Consecuentemente el usuario deber\u00e1 respetar en todo momento todos los derechos de propiedad intelectual e industrial sobre la p\u00e1gina web de AZTInnova que sean titularidad exclusiva de AZTI o de terceros.<\/p>\n<p><strong><em>Licencia de uso de los documentos descargables en formato digital o documentos suministrados en el marco AZTInnova<\/em><\/strong><\/p>\n<p>El acceso, exportaci\u00f3n y descarga de cualquier documento en formato digital a trav\u00e9s de la plataforma AZTInnova, o cualquier otro documento suministrado por AZTI a trav\u00e9s de otros medios, implica la aceptaci\u00f3n de las siguientes condiciones de licencia de uso:<\/p>\n<p>1. El socio declara estar de acuerdo con todos los t\u00e9rminos y condiciones recogidos en la presente Licencia de uso de los documentos en formato digital suministrados en la plataforma AZTInnova (en adelante, los \u201cDOCUMENTOS\u201d). Estos t\u00e9rminos y condiciones pueden estar sujetos a cambio sin notificaci\u00f3n previa en el momento que AZTI estime conveniente.<\/p>\n<p>2. Los derechos de explotaci\u00f3n de los DOCUMENTOS pertenecen en exclusiva a AZTI quien, por el presente contrato, otorga licencia de uso al socio de acuerdo con las siguientes estipulaciones.<\/p>\n<p>3. AZTI ostenta y ostentar\u00e1 en todo momento sus plenos derechos de titularidad y propiedad sobre los DOCUMENTOS y garantiza que le asiste el derecho de otorgar la licencia de uso. El socio no podr\u00e1 prestar, donar, ceder, asignar, vender o arrendar la licencia de uso de los DOCUMENTOS a terceros. Todo intento de conceder, transferir, traspasar, vender, arrendar o dar copia a terceros de cualquiera de los derechos u obligaciones aqu\u00ed consignados tendr\u00e1 como efecto la expiraci\u00f3n de este Acuerdo as\u00ed como de la licencia de uso de los documentos descargados y la consideraci\u00f3n de la ruptura de la buena fe contractual.<\/p>\n<p>4. El socio est\u00e1 obligado y se compromete a adoptar todas las medidas necesarias para evitar que terceras personas no autorizadas tengan conocimiento e informaci\u00f3n de los documentos de AZTI. El socio deber\u00e1 mantener en buen estado todas las indicaciones sobre la propiedad que figuran en los documentos de AZTI (marcas, s\u00edmbolos de copyright, creative commons) que determinan la titularidad de los derechos a favor de AZTI. El socio ha de mantener los s\u00edmbolos, las marcas o cualquier otra menci\u00f3n de propiedad que AZTI establezca en su producto, en todas las reproducciones totales o parciales que hayan sido autorizadas expresamente por AZTI en virtud de este Acuerdo. El socio informar\u00e1 a AZTI cualquier acto de competencia desleal o de violaci\u00f3n de los derechos de propiedad industrial o intelectual de los que tenga en conocimiento, y en general, adoptar\u00e1 todas las medidas necesarias para asegurar la confidencialidad y el respeto al derecho de propiedad que corresponde a AZTI.<\/p>\n<p>5. AZTI autoriza la impresi\u00f3n del contenido de los DOCUMENTOS y la transferencia de extractos de los mismos a otras aplicaciones, siempre y cuando el socio cumpla con las siguientes condiciones:<\/p>\n<p>(a) El socio podr\u00e1 reproducir directamente de los DOCUMENTOS, para su uso interno, parte o la totalidad de su contenido, sujeto a derechos de propiedad intelectual e incluido en los mismos.<\/p>\n<p>(b) Los extractos de los DOCUMENTOS no pueden ser transferidos a otras aplicaciones, pudiendo ser incorporadas a documentos de uso interno del socio, siempre y cuando el extracto del texto no sobrepase el 10% de cada uno de los DOCUMENTOS. AZTI conservar\u00e1 el copyright de dichos extractos, cuya titularidad estar\u00e1 perfectamente identificada.<\/p>\n<p>(c) Bajo ninguna circunstancia el socio estar\u00e1 autorizado a reproducir total o parcialmente cualquiera de los DOCUMENTOS para cualquier uso distinto al especificado en las partes a) y b) que anteceden.<\/p>\n<p>(d) Bajo ninguna circunstancia podr\u00e1n prestarse, arrendarse, venderse o distribuirse las copias extra\u00eddas de los DOCUMENTOS.<\/p>\n<p>6. Conidencialidad: El conocimiento de cualquier informaci\u00f3n contenida en los documentos tiene la consideraci\u00f3n de confidencial y secreto comercial. El socio se obliga a respetar y actuar de acuerdo con este pacto de confidencialidad. Se excluye de este acuerdo la informaci\u00f3n que sea de dominio p\u00fablico.<\/p>\n<p>7. AZTI no ofrece garant\u00eda alguna, expresa o impl\u00edcita, de que los DOCUMENTOS sean adecuados para cualquier fin concreto, ni que puedan realizar cualquier funci\u00f3n espec\u00edfica.<\/p>\n<p>8. En ning\u00fan caso se considerar\u00e1 a AZTI responsable ante el socio de cualquier da\u00f1o, con independencia de sus causas, que puedan surgir, indirecta o directamente, en relaci\u00f3n con esta licencia.<\/p>\n<p>9. El socio autorizar\u00e1 a cualquier representante acreditado de AZTI a visitar sus locales, al objeto de comprobar el exacto cumplimiento de los t\u00e9rminos de esta licencia.<\/p>\n<p>10. AZTI no se responsabilizar\u00e1 ante el socio de ning\u00fan malentendido o tergiversaci\u00f3n que pueda surgir en relaci\u00f3n con cualquier comunicaci\u00f3n que se efect\u00fae verbalmente entre las partes, con independencia de su origen. Cualquier aviso formal que cualquiera de las partes pueda o est\u00e9 obligada a dar o a suministrar a la otra parte se enviar\u00e1 por correo certificado y el justificante de env\u00edo de la oficina de correos ser\u00e1 prueba de la recepci\u00f3n del mismo.<\/p>\n<p><strong>Usted reconoce que ha le\u00eddo los t\u00e9rminos de esta licencia de uso y acuerda quedar vinculado a sus t\u00e9rminos.<\/strong><\/p>\n<h2><span id=\"4_Responsabilidades\" class=\"ez-toc-section\"><\/span>4) Responsabilidades<\/h2>\n<p>AZTI no garantiza el acceso continuado, ni la correcta visualizaci\u00f3n, descarga o utilidad de los elementos e informaci\u00f3n contenidos en la web de AZTInnova, que pueden verse impedidos, dificultados o interrumpidos por factores o circunstancias fuera de su control.<\/p>\n<p>AZTI no es responsable de la informaci\u00f3n y dem\u00e1s contenidos integrados en espacios o p\u00e1ginas web de terceros accesibles desde la web de AZTInnova mediante enlaces, hiperv\u00ednculos o links, ni de la informaci\u00f3n y dem\u00e1s contenidos integrados en espacios o p\u00e1ginas web de terceros desde los que se acceda mediante enlaces, hiperv\u00ednculos o links a la web de AZTInnova, ni de la informaci\u00f3n y contenidos de cualquier p\u00e1gina web de terceros que se presente bajo la apariencia o signos distintivos de AZTI, salvo autorizaci\u00f3n expresa de esta \u00faltima.<\/p>\n<p>AZTI no asume responsabilidad alguna con relaci\u00f3n a la informaci\u00f3n, contenidos de todo tipo, productos y servicios ofertados o prestados a trav\u00e9s de la web de AZTInnova por terceras personas o entidades, aunque pertenezcan a su mismo grupo econ\u00f3mico, y en especial por los da\u00f1os y perjuicios de cualquier tipo que vinculados a lo anterior puedan producirse por: (i) ausencia o deficiencias en la informaci\u00f3n facilitada a los usuarios o en su veracidad, exactitud y suficiencia; (ii) incumplimiento o cumplimiento defectuoso o impuntual de los contratos o relaciones precontractuales; (iii) incumplimiento de las obligaciones que incumben a los prestadores de servicios de la sociedad de la informaci\u00f3n; (iv) infracci\u00f3n de los derechos de los consumidores y usuarios; (v) infracci\u00f3n de los derechos de propiedad intelectual e industrial; realizaci\u00f3n de actos de competencia desleal o de publicidad il\u00edcita; (vi) infracci\u00f3n del derecho de protecci\u00f3n de datos; del secreto profesional y de los derechos al honor, a la intimidad personal y familiar y a la imagen de las personas; y (vii) en general el incumplimiento de cualesquiera leyes, costumbres o c\u00f3digos de conducta que resulten de aplicaci\u00f3n.<\/p>\n<p>AZTI no asume responsabilidad alguna ya sea por da\u00f1os, perjuicios, p\u00e9rdidas, reclamaciones o gastos producidos por: (i) interferencias, interrupciones, fallos, omisiones, aver\u00edas telef\u00f3nicas, retrasos, bloqueos o desconexiones en el funcionamiento del sistema electr\u00f3nico, motivadas por deficiencias, sobrecargas y errores en las l\u00edneas y redes de telecomunicaciones, o por cualquier otra causa ajena al control de AZTI; (ii) intromisiones ileg\u00edtimas mediante el uso de programas malignos de cualquier tipo y a trav\u00e9s de cualquier medio de comunicaci\u00f3n, tales como virus inform\u00e1ticos o cualesquiera otros; (iii) uso indebido o inadecuado de la p\u00e1gina web de AZTInnova; (iv) errores de seguridad o navegaci\u00f3n producidos por un mal funcionamiento del navegador o por el uso de versiones no actualizadas del mismo.<\/p>\n<p>En todo caso, el usuario de la p\u00e1gina web de AZTInnova ser\u00e1 responsable de los da\u00f1os y perjuicios de toda naturaleza que AZTI pueda sufrir como consecuencia del incumplimiento por el usuario de las obligaciones a que queda sometido por este Aviso Legal, o por las condiciones particulares que le sean de aplicaci\u00f3n.<\/p>\n<h2><span id=\"5_Politica_de_seguridad\" class=\"ez-toc-section\"><\/span>5) Pol\u00edtica de seguridad<\/h2>\n<p>Est\u00e1 totalmente prohibido crear links a la p\u00e1gina web de AZTInnova desde terceras p\u00e1ginas web sin la autorizaci\u00f3n expresa y por escrito de AZTI.<\/p>\n<p>El acceso a la web no implica la obligaci\u00f3n por parte de AZTI de controlar la ausencia de virus, o de cualquier otro elemento inform\u00e1tico da\u00f1oso. Corresponde al usuario en todo caso, la disponibilidad de herramientas adecuadas para la detenci\u00f3n y desinfecci\u00f3n de programas inform\u00e1ticos da\u00f1osos.<\/p>\n<p>AZTI no se responsabiliza de los da\u00f1os producidos en los equipos inform\u00e1ticos de los usuarios o de terceros durante la prestaci\u00f3n del servicio del portal.<\/p>\n<p>Algunas p\u00e1ginas del portal de AZTInnova pueden emplear cookies. Estas cookies no son invasivas, ni nocivas, simplemente informan al sistema de la configuraci\u00f3n escogida por el usuario, pero no reconoce autom\u00e1ticamente ning\u00fan dato referente a la identidad de las personas que visitan nuestra web. Si el usuario lo desea puede denegar toda cookie desde la opci\u00f3n correspondiente de su propio navegador.<\/p>\n<h2><span id=\"6_Legislacion_y_jurisdiccion_aplicable\" class=\"ez-toc-section\"><\/span>6) Legislaci\u00f3n y jurisdicci\u00f3n aplicable<\/h2>\n<p>Las presentes condiciones quedan sujetas a la ordenaci\u00f3n jur\u00eddica espa\u00f1ola.<\/p>\n<p>Para la resoluci\u00f3n de cualquier conflicto que pudiese derivarse del acceso a la p\u00e1gina web, el usuario y AZTI, acuerdan someterse expresamente a los juzgados de la ciudad de Madrid, con renuncia a cualquier fuero general o especial que les pudiese corresponder.<\/p>\n","protected":false},"excerpt":{"rendered":"<p>El acceso a la web de Fundaci\u00f3n AZTI \u2013 AZTI Fundazioa, (en adelante, \u201cAZTI\u201d) y la informaci\u00f3n relativa a cualesquiera de los productos, servicios o informaciones contenidos en la misma comporta la sumisi\u00f3n y la aceptaci\u00f3n de las condiciones previstas en el presente Aviso Legal. Por ello le recomendamos que lea atentamente su contenido si&hellip;<\/p>\n","protected":false},"author":57,"featured_media":0,"parent":0,"menu_order":1000,"comment_status":"closed","ping_status":"closed","template":"","meta":[],"yoast_head":"<!-- This site is optimized with the Yoast SEO plugin v20.2.1 - https:\/\/yoast.com\/wordpress\/plugins\/seo\/ -->\n<title>Aviso Legal - Aztinnova<\/title>\n<meta name=\"robots\" content=\"noindex, follow\" \/>\n<meta property=\"og:locale\" content=\"es_ES\" \/>\n<meta property=\"og:type\" content=\"article\" \/>\n<meta property=\"og:title\" content=\"Aviso Legal - Aztinnova\" \/>\n<meta property=\"og:description\" content=\"El acceso a la web de Fundaci\u00f3n AZTI \u2013 AZTI Fundazioa, (en adelante, \u201cAZTI\u201d) y la informaci\u00f3n relativa a cualesquiera de los productos, servicios o informaciones contenidos en la misma comporta la sumisi\u00f3n y la aceptaci\u00f3n de las condiciones previstas en el presente Aviso Legal. Por ello le recomendamos que lea atentamente su contenido si&hellip;\" \/>\n<meta property=\"og:url\" content=\"https:\/\/www.azti.es\/aztinnova\/aviso-legal\/\" \/>\n<meta property=\"og:site_name\" content=\"Aztinnova\" \/>\n<meta property=\"article:modified_time\" content=\"2022-03-30T07:24:09+00:00\" \/>\n<meta name=\"twitter:card\" content=\"summary_large_image\" \/>\n<meta name=\"twitter:label1\" content=\"Tiempo de lectura\" \/>\n\t<meta name=\"twitter:data1\" content=\"9 minutos\" \/>\n<script type=\"application\/ld+json\" class=\"yoast-schema-graph\">{\"@context\":\"https:\/\/schema.org\",\"@graph\":[{\"@type\":\"WebPage\",\"@id\":\"https:\/\/www.azti.es\/aztinnova\/aviso-legal\/\",\"url\":\"https:\/\/www.azti.es\/aztinnova\/aviso-legal\/\",\"name\":\"Aviso Legal - Aztinnova\",\"isPartOf\":{\"@id\":\"https:\/\/www.azti.es\/aztinnova\/#website\"},\"datePublished\":\"2021-02-25T15:33:49+00:00\",\"dateModified\":\"2022-03-30T07:24:09+00:00\",\"inLanguage\":\"es\",\"potentialAction\":[{\"@type\":\"ReadAction\",\"target\":[\"https:\/\/www.azti.es\/aztinnova\/aviso-legal\/\"]}]},{\"@type\":\"WebSite\",\"@id\":\"https:\/\/www.azti.es\/aztinnova\/#website\",\"url\":\"https:\/\/www.azti.es\/aztinnova\/\",\"name\":\"Aztinnova\",\"description\":\"Comunidad de innovaci\u00f3n y networking\",\"potentialAction\":[{\"@type\":\"SearchAction\",\"target\":{\"@type\":\"EntryPoint\",\"urlTemplate\":\"https:\/\/www.azti.es\/aztinnova\/?s={search_term_string}\"},\"query-input\":\"required name=search_term_string\"}],\"inLanguage\":\"es\"}]}<\/script>\n<!-- \/ Yoast SEO plugin. -->","yoast_head_json":{"title":"Aviso Legal - Aztinnova","robots":{"index":"noindex","follow":"follow"},"og_locale":"es_ES","og_type":"article","og_title":"Aviso Legal - Aztinnova","og_description":"El acceso a la web de Fundaci\u00f3n AZTI \u2013 AZTI Fundazioa, (en adelante, \u201cAZTI\u201d) y la informaci\u00f3n relativa a cualesquiera de los productos, servicios o informaciones contenidos en la misma comporta la sumisi\u00f3n y la aceptaci\u00f3n de las condiciones previstas en el presente Aviso Legal. Por ello le recomendamos que lea atentamente su contenido si&hellip;","og_url":"https:\/\/www.azti.es\/aztinnova\/aviso-legal\/","og_site_name":"Aztinnova","article_modified_time":"2022-03-30T07:24:09+00:00","twitter_card":"summary_large_image","twitter_misc":{"Tiempo de lectura":"9 minutos"},"schema":{"@context":"https:\/\/schema.org","@graph":[{"@type":"WebPage","@id":"https:\/\/www.azti.es\/aztinnova\/aviso-legal\/","url":"https:\/\/www.azti.es\/aztinnova\/aviso-legal\/","name":"Aviso Legal - Aztinnova","isPartOf":{"@id":"https:\/\/www.azti.es\/aztinnova\/#website"},"datePublished":"2021-02-25T15:33:49+00:00","dateModified":"2022-03-30T07:24:09+00:00","inLanguage":"es","potentialAction":[{"@type":"ReadAction","target":["https:\/\/www.azti.es\/aztinnova\/aviso-legal\/"]}]},{"@type":"WebSite","@id":"https:\/\/www.azti.es\/aztinnova\/#website","url":"https:\/\/www.azti.es\/aztinnova\/","name":"Aztinnova","description":"Comunidad de innovaci\u00f3n y networking","potentialAction":[{"@type":"SearchAction","target":{"@type":"EntryPoint","urlTemplate":"https:\/\/www.azti.es\/aztinnova\/?s={search_term_string}"},"query-input":"required name=search_term_string"}],"inLanguage":"es"}]}},"_links":{"self":[{"href":"https:\/\/www.azti.es\/aztinnova\/wp-json\/wp\/v2\/pages\/1899"}],"collection":[{"href":"https:\/\/www.azti.es\/aztinnova\/wp-json\/wp\/v2\/pages"}],"about":[{"href":"https:\/\/www.azti.es\/aztinnova\/wp-json\/wp\/v2\/types\/page"}],"author":[{"embeddable":true,"href":"https:\/\/www.azti.es\/aztinnova\/wp-json\/wp\/v2\/users\/57"}],"replies":[{"embeddable":true,"href":"https:\/\/www.azti.es\/aztinnova\/wp-json\/wp\/v2\/comments?post=1899"}],"version-history":[{"count":0,"href":"https:\/\/www.azti.es\/aztinnova\/wp-json\/wp\/v2\/pages\/1899\/revisions"}],"wp:attachment":[{"href":"https:\/\/www.azti.es\/aztinnova\/wp-json\/wp\/v2\/media?parent=1899"}],"curies":[{"name":"wp","href":"https:\/\/api.w.org\/{rel}","templated":true}]}}