{"id":80,"date":"2016-08-09T10:36:45","date_gmt":"2016-08-09T10:36:45","guid":{"rendered":"http:\/\/www.azti.es\/atuneroscongeladores\/?page_id=80"},"modified":"2023-09-15T13:15:52","modified_gmt":"2023-09-15T11:15:52","slug":"buenas-practicas-para-una-pesca-atunera-de-cerco-responsable","status":"publish","type":"page","link":"https:\/\/www.azti.es\/atuneroscongeladores\/recursos\/buenas-practicas-para-una-pesca-atunera-de-cerco-responsable\/","title":{"rendered":"BUENAS PR\u00c1CTICAS PARA UNA PESCA ATUNERA DE CERCO RESPONSABLE"},"content":{"rendered":"<p>[cmsms_row data_bg_img=\u00bb126|http:\/\/www.azti.es\/atuneroscongeladores\/wp-content\/uploads\/2016\/08\/w-fondo2-2-1024&#215;341.jpg|large\u00bb data_width=\u00bbfullwidth\u00bb data_padding_left=\u00bb10&#8243; data_padding_right=\u00bb10&#8243; data_color=\u00bbdefault\u00bb data_bg_position=\u00bbbottom center\u00bb data_bg_repeat=\u00bbno-repeat\u00bb data_bg_attachment=\u00bbscroll\u00bb data_bg_size=\u00bbcover\u00bb data_padding_top=\u00bb80&#8243; data_padding_bottom=\u00bb80&#8243;][cmsms_column data_width=\u00bb1\/1&#8243;][cmsms_text animation_delay=\u00bb0&#8243;]<\/p>\n<h1 style=\"text-align: center; color: #ffffff; line-height: 40px; font-size: 32px; font-weight: bold;\">BUENAS PR\u00c1CTICAS PARA UNA PESCA ATUNERA DE CERCO RESPONSABLE<\/h1>\n<p>[\/cmsms_text][\/cmsms_column][\/cmsms_row][cmsms_row data_bg_color_custom=\u00bbtrue\u00bb data_bg_color=\u00bb#e5e5e5&#8243; data_width=\u00bbboxed\u00bb data_color=\u00bbdefault\u00bb data_padding_top=\u00bb50&#8243; data_padding_bottom=\u00bb30&#8243;][cmsms_column data_width=\u00bb1\/1&#8243;][cmsms_text animation_delay=\u00bb0&#8243;]<\/p>\n<p style=\"text-align: center; color: #e16700;\">Las buenas pr\u00e1cticas que se detallan a continuaci\u00f3n, tienen como objetivo mejorar las maniobras realizadas en la pesca atunera de cerco que se realiza en todos los Oc\u00e9anos del Mundo y refleja las pr\u00e1cticas que lleva a cabo la flota de OPAGAC\/AGAC y ANABAC-OPTUC para mejorar la selectividad de la pesca de cerco atunero de cara a ejercitar una pesca responsable que minimice el impacto de esta pesca sobre el ecosistema marino y se pueda gestionar de una manera sostenible.<\/p>\n<p>[\/cmsms_text][\/cmsms_column][\/cmsms_row][cmsms_row data_bg_color_custom=\u00bbtrue\u00bb data_bg_color=\u00bb#e5e5e5&#8243; data_width=\u00bbfullwidth\u00bb data_padding_left=\u00bb3&#8243; data_padding_right=\u00bb3&#8243; data_color=\u00bbdefault\u00bb data_padding_top=\u00bb20&#8243; data_padding_bottom=\u00bb70&#8243;][cmsms_column data_width=\u00bb1\/3&#8243; data_classes=\u00bbfondo-w2&#8243;][cmsms_image align=\u00bbcenter\u00bb animation_delay=\u00bb0&#8243;]330|http:\/\/www.azti.es\/atuneroscongeladores\/wp-content\/uploads\/2016\/08\/Sylla-Mory_Ocean-Eye.jpg|full[\/cmsms_image][cmsms_heading type=\u00bbh4&#8243; font_weight=\u00bb400&#8243; font_style=\u00bbnormal\u00bb text_align=\u00bbleft\u00bb target=\u00bbself\u00bb margin_top=\u00bb20&#8243; margin_bottom=\u00bb20&#8243; animation_delay=\u00bb0&#8243; classes=\u00bbrecursos-seccion-h\u00bb]\u00bfQU\u00c9 ES EL C\u00d3DIGO DE BUENAS PR\u00c1CTICAS?[\/cmsms_heading][cmsms_text animation_delay=\u00bb0&#8243;][\/cmsms_text][cmsms_button button_link=\u00bbhttp:\/\/www.azti.es\/atuneroscongeladores\/2016\/10\/19\/que-es-el-codigo-de-buenas-practicas\/\u00bb button_target=\u00bbself\u00bb button_text_align=\u00bbcenter\u00bb button_font_weight=\u00bb100&#8243; button_font_style=\u00bbnormal\u00bb button_padding_hor=\u00bb20&#8243; button_border_radius=\u00bb0&#8243; button_bg_color=\u00bb#e16700&#8243; button_text_color=\u00bb#ffffff\u00bb button_border_color=\u00bb#ffffff\u00bb button_bg_color_h=\u00bb#ffffff\u00bb button_text_color_h=\u00bb#cccccc\u00bb button_border_color_h=\u00bb#cccccc\u00bb animation_delay=\u00bb0&#8243;]Leer m\u00e1s[\/cmsms_button][\/cmsms_column][cmsms_column data_width=\u00bb1\/3&#8243; data_classes=\u00bbfondo-w2&#8243;][cmsms_image align=\u00bbcenter\u00bb animation_delay=\u00bb0&#8243;]328|http:\/\/www.azti.es\/atuneroscongeladores\/wp-content\/uploads\/2016\/08\/Koffi-Assouan_Ocean-Eye.jpg|full[\/cmsms_image][cmsms_heading type=\u00bbh4&#8243; font_weight=\u00bb400&#8243; font_style=\u00bbnormal\u00bb text_align=\u00bbleft\u00bb target=\u00bbself\u00bb margin_top=\u00bb20&#8243; margin_bottom=\u00bb20&#8243; animation_delay=\u00bb0&#8243; classes=\u00bbrecursos-seccion-h\u00bb]\u00bfQU\u00c9 INCLUYE EL C\u00d3DIGO DE BUENAS PR\u00c1CTICAS?[\/cmsms_heading][cmsms_text animation_delay=\u00bb0&#8243;][\/cmsms_text][cmsms_button button_link=\u00bbhttp:\/\/www.azti.es\/atuneroscongeladores\/recursos\/buenas-practicas-para-una-pesca-atunera-de-cerco-responsable\/que-incluye\u00bb button_target=\u00bbself\u00bb button_text_align=\u00bbcenter\u00bb button_font_weight=\u00bb100&#8243; button_font_style=\u00bbnormal\u00bb button_padding_hor=\u00bb20&#8243; button_border_radius=\u00bb0&#8243; button_bg_color=\u00bb#e16700&#8243; button_text_color=\u00bb#ffffff\u00bb button_border_color=\u00bb#ffffff\u00bb button_bg_color_h=\u00bb#ffffff\u00bb button_text_color_h=\u00bb#cccccc\u00bb button_border_color_h=\u00bb#cccccc\u00bb animation_delay=\u00bb0&#8243;]Leer m\u00e1s[\/cmsms_button][\/cmsms_column][cmsms_column data_width=\u00bb1\/3&#8243; data_classes=\u00bbfondo-w2&#8243;][cmsms_image align=\u00bbcenter\u00bb animation_delay=\u00bb0&#8243;]331|http:\/\/www.azti.es\/atuneroscongeladores\/wp-content\/uploads\/2016\/08\/Sylla-Mory_Ocean-Eye2.jpg|full[\/cmsms_image][cmsms_heading type=\u00bbh4&#8243; font_weight=\u00bb400&#8243; font_style=\u00bbnormal\u00bb text_align=\u00bbleft\u00bb target=\u00bbself\u00bb margin_top=\u00bb20&#8243; margin_bottom=\u00bb20&#8243; animation_delay=\u00bb0&#8243; classes=\u00bbrecursos-seccion-h\u00bb]\u00bfC\u00d3MO SE APLICA EL C\u00d3DIGO DE BUENAS PR\u00c1CTICAS?[\/cmsms_heading][cmsms_text animation_delay=\u00bb0&#8243;][\/cmsms_text][cmsms_button button_link=\u00bbhttp:\/\/www.azti.es\/atuneroscongeladores\/2016\/10\/19\/como-se-aplica-el-codigo-de-buenas-practicas\/\u00bb button_target=\u00bbself\u00bb button_text_align=\u00bbcenter\u00bb button_font_weight=\u00bb100&#8243; button_font_style=\u00bbnormal\u00bb button_padding_hor=\u00bb20&#8243; button_border_radius=\u00bb0&#8243; button_bg_color=\u00bb#e16700&#8243; button_text_color=\u00bb#ffffff\u00bb button_border_color=\u00bb#ffffff\u00bb button_bg_color_h=\u00bb#ffffff\u00bb button_text_color_h=\u00bb#cccccc\u00bb button_border_color_h=\u00bb#cccccc\u00bb animation_delay=\u00bb0&#8243;]Leer m\u00e1s[\/cmsms_button][\/cmsms_column][\/cmsms_row][cmsms_row data_bg_color_custom=\u00bbtrue\u00bb data_bg_color=\u00bb#e5e5e5&#8243; data_width=\u00bbfullwidth\u00bb data_padding_left=\u00bb3&#8243; data_padding_right=\u00bb3&#8243; data_color=\u00bbdefault\u00bb data_padding_top=\u00bb20&#8243; data_padding_bottom=\u00bb70&#8243;][cmsms_column data_width=\u00bb1\/4&#8243;][\/cmsms_column][cmsms_column data_width=\u00bb1\/4&#8243; data_classes=\u00bbfondo-w2&#8243;][cmsms_image align=\u00bbcenter\u00bb animation_delay=\u00bb0&#8243;]393|http:\/\/www.azti.es\/atuneroscongeladores\/wp-content\/uploads\/2016\/08\/buenas-practicas.jpg|full[\/cmsms_image][cmsms_heading type=\u00bbh4&#8243; font_weight=\u00bb400&#8243; font_style=\u00bbnormal\u00bb text_align=\u00bbleft\u00bb target=\u00bbself\u00bb margin_top=\u00bb20&#8243; margin_bottom=\u00bb20&#8243; animation_delay=\u00bb0&#8243; classes=\u00bbrecursos-seccion-h\u00bb]DESC\u00c1RGATE EL C\u00d3DIGO DE BUENAS PR\u00c1CTICAS[\/cmsms_heading][cmsms_text animation_delay=\u00bb0&#8243;][\/cmsms_text][cmsms_button button_link=\u00bbhttps:\/\/www.azti.es\/atuneroscongeladores\/wp-content\/uploads\/2023\/09\/BuenasPracticas-CAST.pdf\u00bb button_target=\u00bbblank\u00bb button_text_align=\u00bbcenter\u00bb button_font_weight=\u00bb100&#8243; button_font_style=\u00bbnormal\u00bb button_padding_hor=\u00bb20&#8243; button_border_radius=\u00bb0&#8243; button_bg_color=\u00bb#e16700&#8243; button_text_color=\u00bb#ffffff\u00bb button_border_color=\u00bb#ffffff\u00bb button_bg_color_h=\u00bb#ffffff\u00bb button_text_color_h=\u00bb#cccccc\u00bb button_border_color_h=\u00bb#cccccc\u00bb animation_delay=\u00bb0&#8243;]Descargar[\/cmsms_button][cmsms_divider type=\u00bbsolid\u00bb margin_top=\u00bb50&#8243; margin_bottom=\u00bb50&#8243; animation_delay=\u00bb0&#8243;][cmsms_heading type=\u00bbh4&#8243; font_weight=\u00bb400&#8243; font_style=\u00bbnormal\u00bb text_align=\u00bbleft\u00bb target=\u00bbself\u00bb margin_top=\u00bb0&#8243; margin_bottom=\u00bb20&#8243; animation_delay=\u00bb0&#8243; classes=\u00bbrecursos-seccion-h\u00bb]DOWNLOAD GOOD PRACTICE CODE[\/cmsms_heading][cmsms_button button_link=\u00bbhttps:\/\/www.azti.es\/atuneroscongeladores\/wp-content\/uploads\/2023\/09\/BuenasPracticas-ENG.pdf\u00bb button_target=\u00bbblank\u00bb button_text_align=\u00bbcenter\u00bb button_font_weight=\u00bb100&#8243; button_font_style=\u00bbnormal\u00bb button_padding_hor=\u00bb20&#8243; button_border_radius=\u00bb0&#8243; button_bg_color=\u00bb#e16700&#8243; button_text_color=\u00bb#ffffff\u00bb button_border_color=\u00bb#ffffff\u00bb button_bg_color_h=\u00bb#ffffff\u00bb animation_delay=\u00bb0&#8243;]Download[\/cmsms_button][\/cmsms_column][cmsms_column data_width=\u00bb1\/4&#8243; data_classes=\u00bbfondo-w2&#8243;][cmsms_image align=\u00bbcenter\u00bb animation_delay=\u00bb0&#8243;]394|http:\/\/www.azti.es\/atuneroscongeladores\/wp-content\/uploads\/2016\/08\/msymon-eu-made.jpg|full[\/cmsms_image][cmsms_heading type=\u00bbh4&#8243; font_weight=\u00bb400&#8243; font_style=\u00bbnormal\u00bb text_align=\u00bbleft\u00bb target=\u00bbself\u00bb margin_top=\u00bb20&#8243; margin_bottom=\u00bb20&#8243; animation_delay=\u00bb0&#8243; classes=\u00bbrecursos-seccion-h\u00bb]DESC\u00c1RGATE EL REFERENCIAL DE MADE[\/cmsms_heading][cmsms_text animation_delay=\u00bb0&#8243;][\/cmsms_text][cmsms_button button_link=\u00bbhttp:\/\/www.azti.es\/atuneroscongeladores\/wp-content\/uploads\/2017\/04\/made-practices-to-reduce-shark-mortality-purse-seiners.pdf\u00bb button_target=\u00bbblank\u00bb button_text_align=\u00bbcenter\u00bb button_font_weight=\u00bb100&#8243; button_font_style=\u00bbnormal\u00bb button_padding_hor=\u00bb20&#8243; button_border_radius=\u00bb0&#8243; button_bg_color=\u00bb#e16700&#8243; button_text_color=\u00bb#ffffff\u00bb button_border_color=\u00bb#ffffff\u00bb button_bg_color_h=\u00bb#ffffff\u00bb button_text_color_h=\u00bb#cccccc\u00bb button_border_color_h=\u00bb#cccccc\u00bb animation_delay=\u00bb0&#8243;]Descargar[\/cmsms_button][cmsms_divider type=\u00bbsolid\u00bb margin_top=\u00bb50&#8243; margin_bottom=\u00bb50&#8243; animation_delay=\u00bb0&#8243;][cmsms_heading type=\u00bbh4&#8243; font_weight=\u00bb400&#8243; font_style=\u00bbnormal\u00bb text_align=\u00bbleft\u00bb target=\u00bbself\u00bb margin_top=\u00bb20&#8243; margin_bottom=\u00bb20&#8243; animation_delay=\u00bb0&#8243; classes=\u00bbrecursos-seccion-h\u00bb]DOWNLOAD MADE REFERAL[\/cmsms_heading][cmsms_button button_link=\u00bbhttp:\/\/www.azti.es\/atuneroscongeladores\/wp-content\/uploads\/2017\/05\/MADE_Practices_to_reduce_shark_mortality_purse_seiners_EN.pdf\u00bb button_target=\u00bbblank\u00bb button_text_align=\u00bbcenter\u00bb button_font_weight=\u00bb100&#8243; button_font_style=\u00bbnormal\u00bb button_padding_hor=\u00bb20&#8243; button_border_radius=\u00bb0&#8243; button_bg_color=\u00bb#e16700&#8243; button_text_color=\u00bb#ffffff\u00bb button_border_color=\u00bb#ffffff\u00bb button_bg_color_h=\u00bb#ffffff\u00bb animation_delay=\u00bb0&#8243;]Download[\/cmsms_button][\/cmsms_column][cmsms_column data_width=\u00bb1\/4&#8243;][\/cmsms_column][\/cmsms_row]<\/p>\n","protected":false},"excerpt":{"rendered":"<p>[cmsms_row data_bg_img=\u00bb126|http:\/\/www.azti.es\/atuneroscongeladores\/wp-content\/uploads\/2016\/08\/w-fondo2-2-1024&#215;341.jpg|large\u00bb data_width=\u00bbfullwidth\u00bb data_padding_left=\u00bb10&#8243; data_padding_right=\u00bb10&#8243; data_color=\u00bbdefault\u00bb data_bg_position=\u00bbbottom center\u00bb data_bg_repeat=\u00bbno-repeat\u00bb data_bg_attachment=\u00bbscroll\u00bb data_bg_size=\u00bbcover\u00bb data_padding_top=\u00bb80&#8243; data_padding_bottom=\u00bb80&#8243;][cmsms_column data_width=\u00bb1\/1&#8243;][cmsms_text animation_delay=\u00bb0&#8243;] BUENAS PR\u00c1CTICAS PARA UNA PESCA ATUNERA DE CERCO RESPONSABLE [\/cmsms_text][\/cmsms_column][\/cmsms_row][cmsms_row data_bg_color_custom=\u00bbtrue\u00bb data_bg_color=\u00bb#e5e5e5&#8243; data_width=\u00bbboxed\u00bb data_color=\u00bbdefault\u00bb data_padding_top=\u00bb50&#8243; data_padding_bottom=\u00bb30&#8243;][cmsms_column data_width=\u00bb1\/1&#8243;][cmsms_text animation_delay=\u00bb0&#8243;] Las buenas pr\u00e1cticas que se detallan a continuaci\u00f3n, tienen como objetivo mejorar las maniobras realizadas en la pesca atunera de cerco que [&hellip;]<\/p>\n","protected":false},"author":2,"featured_media":0,"parent":8,"menu_order":1,"comment_status":"closed","ping_status":"closed","template":"","meta":{"footnotes":""},"class_list":["post-80","page","type-page","status-publish","hentry"],"_links":{"self":[{"href":"https:\/\/www.azti.es\/atuneroscongeladores\/wp-json\/wp\/v2\/pages\/80","targetHints":{"allow":["GET"]}}],"collection":[{"href":"https:\/\/www.azti.es\/atuneroscongeladores\/wp-json\/wp\/v2\/pages"}],"about":[{"href":"https:\/\/www.azti.es\/atuneroscongeladores\/wp-json\/wp\/v2\/types\/page"}],"author":[{"embeddable":true,"href":"https:\/\/www.azti.es\/atuneroscongeladores\/wp-json\/wp\/v2\/users\/2"}],"replies":[{"embeddable":true,"href":"https:\/\/www.azti.es\/atuneroscongeladores\/wp-json\/wp\/v2\/comments?post=80"}],"version-history":[{"count":61,"href":"https:\/\/www.azti.es\/atuneroscongeladores\/wp-json\/wp\/v2\/pages\/80\/revisions"}],"predecessor-version":[{"id":642,"href":"https:\/\/www.azti.es\/atuneroscongeladores\/wp-json\/wp\/v2\/pages\/80\/revisions\/642"}],"up":[{"embeddable":true,"href":"https:\/\/www.azti.es\/atuneroscongeladores\/wp-json\/wp\/v2\/pages\/8"}],"wp:attachment":[{"href":"https:\/\/www.azti.es\/atuneroscongeladores\/wp-json\/wp\/v2\/media?parent=80"}],"curies":[{"name":"wp","href":"https:\/\/api.w.org\/{rel}","templated":true}]}}