{"id":310,"date":"2016-10-05T16:17:09","date_gmt":"2016-10-05T14:17:09","guid":{"rendered":"http:\/\/www.azti.es\/atuneroscongeladores\/?page_id=310"},"modified":"2021-08-09T11:47:52","modified_gmt":"2021-08-09T09:47:52","slug":"que-incluye","status":"publish","type":"page","link":"https:\/\/www.azti.es\/atuneroscongeladores\/recursos\/buenas-practicas-para-una-pesca-atunera-de-cerco-responsable\/que-incluye\/","title":{"rendered":"\u00bfQu\u00e9 incluye?"},"content":{"rendered":"<p>[cmsms_row data_width=\u00bbfullwidth\u00bb data_padding_left=\u00bb10&#8243; data_padding_right=\u00bb10&#8243; data_color=\u00bbdefault\u00bb data_bg_img=\u00bb126|http:\/\/www.azti.es\/atuneroscongeladores\/wp-content\/uploads\/2016\/08\/w-fondo2-2-1024&#215;341.jpg|large\u00bb data_bg_position=\u00bbbottom center\u00bb data_bg_repeat=\u00bbno-repeat\u00bb data_bg_attachment=\u00bbscroll\u00bb data_bg_size=\u00bbcover\u00bb data_padding_top=\u00bb80&#8243; data_padding_bottom=\u00bb80&#8243;][cmsms_column data_width=\u00bb1\/1&#8243;][cmsms_text animation_delay=\u00bb0&#8243;]<\/p>\n<h1 style=\"text-align: center; color: #ffffff; line-height: 40px; font-size: 32px; font-weight: bold;\">\u00bfQU\u00c9 INCLUYE?<\/h1>\n<p>[\/cmsms_text][\/cmsms_column][\/cmsms_row][cmsms_row data_bg_color_custom=\u00bbtrue\u00bb data_bg_color=\u00bb#e5e5e5&#8243; data_width=\u00bbboxed\u00bb data_color=\u00bbdefault\u00bb data_padding_top=\u00bb50&#8243; data_padding_bottom=\u00bb30&#8243;][cmsms_column data_width=\u00bb1\/1&#8243;][cmsms_text animation_delay=\u00bb0&#8243;][\/cmsms_text][\/cmsms_column][\/cmsms_row][cmsms_row data_bg_color_custom=\u00bbtrue\u00bb data_bg_color=\u00bb#e5e5e5&#8243; data_width=\u00bbfullwidth\u00bb data_padding_left=\u00bb3&#8243; data_padding_right=\u00bb3&#8243; data_color=\u00bbdefault\u00bb data_padding_top=\u00bb20&#8243; data_padding_bottom=\u00bb70&#8243;][cmsms_column data_width=\u00bb1\/3&#8243; data_classes=\u00bbfondo-w2&#8243;][cmsms_image align=\u00bbcenter\u00bb animation_delay=\u00bb0&#8243;]203|http:\/\/www.azti.es\/atuneroscongeladores\/wp-content\/uploads\/2016\/08\/w-28.jpg|full[\/cmsms_image][cmsms_heading type=\u00bbh4&#8243; font_weight=\u00bb400&#8243; font_style=\u00bbnormal\u00bb text_align=\u00bbleft\u00bb target=\u00bbself\u00bb margin_top=\u00bb20&#8243; margin_bottom=\u00bb20&#8243; animation_delay=\u00bb0&#8243; classes=\u00bbrecursos-seccion-h\u00bb]DISE\u00d1O DE FAD NO ENMALLANTE[\/cmsms_heading][cmsms_text animation_delay=\u00bb0&#8243;]<\/p>\n<p style=\"padding: 0px 20px 20px; font-size: 14px;\">Se trabaj\u00f3 con el prop\u00f3sito de consensuar un dise\u00f1o alternativo de FADs que minimicen el impacto sobre las especies no objetivo, en especial tortugas y tiburones.<\/p>\n<p>[\/cmsms_text][cmsms_button button_link=\u00bbhttp:\/\/www.azti.es\/atuneroscongeladores\/2016\/08\/10\/diseno-de-fad-no-enmallante\/\u00bb button_target=\u00bbself\u00bb button_text_align=\u00bbcenter\u00bb button_font_weight=\u00bb100&#8243; button_font_style=\u00bbnormal\u00bb button_padding_hor=\u00bb20&#8243; button_border_radius=\u00bb0&#8243; button_bg_color=\u00bb#e16700&#8243; button_text_color=\u00bb#ffffff\u00bb button_border_color=\u00bb#ffffff\u00bb button_bg_color_h=\u00bb#ffffff\u00bb button_text_color_h=\u00bb#cccccc\u00bb button_border_color_h=\u00bb#cccccc\u00bb animation_delay=\u00bb0&#8243;]Leer m\u00e1s[\/cmsms_button][\/cmsms_column][cmsms_column data_width=\u00bb1\/3&#8243; data_classes=\u00bbfondo-w2&#8243;][cmsms_image align=\u00bbcenter\u00bb animation_delay=\u00bb0&#8243;]303|http:\/\/www.azti.es\/atuneroscongeladores\/wp-content\/uploads\/2016\/08\/marrazoa4.jpg|full[\/cmsms_image][cmsms_heading type=\u00bbh4&#8243; font_weight=\u00bb400&#8243; font_style=\u00bbnormal\u00bb text_align=\u00bbleft\u00bb target=\u00bbself\u00bb margin_top=\u00bb20&#8243; margin_bottom=\u00bb20&#8243; animation_delay=\u00bb0&#8243; classes=\u00bbrecursos-seccion-h\u00bb]MANIOBRAS DE LIBERACI\u00d3N DE ESPECIES ASOCIADAS[\/cmsms_heading][cmsms_text animation_delay=\u00bb0&#8243;]<\/p>\n<p style=\"padding: 0px 20px 20px; font-size: 14px;\">La captura incidental de tiburones, si bien no es significativa a nivel global, comparado con otros artes de pesca, puede reducirse con aplicaci\u00f3n de protocolos de liberaci\u00f3n adecuados.<\/p>\n<p>[\/cmsms_text][cmsms_button button_link=\u00bbhttp:\/\/www.azti.es\/atuneroscongeladores\/2016\/08\/10\/maniobras-de-liberacion-de-especies-asociadas\/\u00bb button_target=\u00bbself\u00bb button_text_align=\u00bbcenter\u00bb button_font_weight=\u00bb100&#8243; button_font_style=\u00bbnormal\u00bb button_padding_hor=\u00bb20&#8243; button_border_radius=\u00bb0&#8243; button_bg_color=\u00bb#e16700&#8243; button_text_color=\u00bb#ffffff\u00bb button_border_color=\u00bb#ffffff\u00bb button_bg_color_h=\u00bb#ffffff\u00bb button_text_color_h=\u00bb#cccccc\u00bb button_border_color_h=\u00bb#cccccc\u00bb animation_delay=\u00bb0&#8243;]Leer m\u00e1s[\/cmsms_button][\/cmsms_column][cmsms_column data_width=\u00bb1\/3&#8243; data_classes=\u00bbfondo-w2&#8243;][cmsms_image align=\u00bbcenter\u00bb animation_delay=\u00bb0&#8243;]204|http:\/\/www.azti.es\/atuneroscongeladores\/wp-content\/uploads\/2016\/08\/w-100-940&#215;400.jpg|full[\/cmsms_image][cmsms_heading type=\u00bbh4&#8243; font_weight=\u00bb400&#8243; font_style=\u00bbnormal\u00bb text_align=\u00bbleft\u00bb target=\u00bbself\u00bb margin_top=\u00bb20&#8243; margin_bottom=\u00bb20&#8243; animation_delay=\u00bb0&#8243; classes=\u00bbrecursos-seccion-h\u00bb]SISTEMA DE GESTI\u00d3N DE FADs[\/cmsms_heading][cmsms_text animation_delay=\u00bb0&#8243;]<\/p>\n<p style=\"padding: 0px 20px 20px; font-size: 14px;\">OPAGAC-AGAC y ANABAC-OPTUC acuerdan adoptar un sistema de gesti\u00f3n de FADs<\/p>\n<p>[\/cmsms_text][cmsms_button button_link=\u00bbhttp:\/\/www.azti.es\/atuneroscongeladores\/2016\/08\/10\/sistema-de-gestion-de-fads\/\u00bb button_target=\u00bbself\u00bb button_text_align=\u00bbcenter\u00bb button_font_weight=\u00bb100&#8243; button_font_style=\u00bbnormal\u00bb button_padding_hor=\u00bb20&#8243; button_border_radius=\u00bb0&#8243; button_bg_color=\u00bb#e16700&#8243; button_text_color=\u00bb#ffffff\u00bb button_border_color=\u00bb#ffffff\u00bb button_bg_color_h=\u00bb#ffffff\u00bb button_text_color_h=\u00bb#cccccc\u00bb button_border_color_h=\u00bb#cccccc\u00bb animation_delay=\u00bb0&#8243;]Leer m\u00e1s[\/cmsms_button][\/cmsms_column][\/cmsms_row]<\/p>\n","protected":false},"excerpt":{"rendered":"<p>[cmsms_row data_width=\u00bbfullwidth\u00bb data_padding_left=\u00bb10&#8243; data_padding_right=\u00bb10&#8243; data_color=\u00bbdefault\u00bb data_bg_img=\u00bb126|http:\/\/www.azti.es\/atuneroscongeladores\/wp-content\/uploads\/2016\/08\/w-fondo2-2-1024&#215;341.jpg|large\u00bb data_bg_position=\u00bbbottom center\u00bb data_bg_repeat=\u00bbno-repeat\u00bb data_bg_attachment=\u00bbscroll\u00bb data_bg_size=\u00bbcover\u00bb data_padding_top=\u00bb80&#8243; data_padding_bottom=\u00bb80&#8243;][cmsms_column data_width=\u00bb1\/1&#8243;][cmsms_text animation_delay=\u00bb0&#8243;] \u00bfQU\u00c9 INCLUYE? [\/cmsms_text][\/cmsms_column][\/cmsms_row][cmsms_row data_bg_color_custom=\u00bbtrue\u00bb data_bg_color=\u00bb#e5e5e5&#8243; data_width=\u00bbboxed\u00bb data_color=\u00bbdefault\u00bb data_padding_top=\u00bb50&#8243; data_padding_bottom=\u00bb30&#8243;][cmsms_column data_width=\u00bb1\/1&#8243;][cmsms_text animation_delay=\u00bb0&#8243;][\/cmsms_text][\/cmsms_column][\/cmsms_row][cmsms_row data_bg_color_custom=\u00bbtrue\u00bb data_bg_color=\u00bb#e5e5e5&#8243; data_width=\u00bbfullwidth\u00bb data_padding_left=\u00bb3&#8243; data_padding_right=\u00bb3&#8243; data_color=\u00bbdefault\u00bb data_padding_top=\u00bb20&#8243; data_padding_bottom=\u00bb70&#8243;][cmsms_column data_width=\u00bb1\/3&#8243; data_classes=\u00bbfondo-w2&#8243;][cmsms_image align=\u00bbcenter\u00bb animation_delay=\u00bb0&#8243;]203|http:\/\/www.azti.es\/atuneroscongeladores\/wp-content\/uploads\/2016\/08\/w-28.jpg|full[\/cmsms_image][cmsms_heading type=\u00bbh4&#8243; font_weight=\u00bb400&#8243; font_style=\u00bbnormal\u00bb text_align=\u00bbleft\u00bb target=\u00bbself\u00bb margin_top=\u00bb20&#8243; margin_bottom=\u00bb20&#8243; animation_delay=\u00bb0&#8243; classes=\u00bbrecursos-seccion-h\u00bb]DISE\u00d1O DE FAD NO ENMALLANTE[\/cmsms_heading][cmsms_text animation_delay=\u00bb0&#8243;] Se trabaj\u00f3 con [&hellip;]<\/p>\n","protected":false},"author":5,"featured_media":0,"parent":80,"menu_order":1,"comment_status":"closed","ping_status":"closed","template":"","meta":{"footnotes":""},"class_list":["post-310","page","type-page","status-publish","hentry"],"_links":{"self":[{"href":"https:\/\/www.azti.es\/atuneroscongeladores\/wp-json\/wp\/v2\/pages\/310","targetHints":{"allow":["GET"]}}],"collection":[{"href":"https:\/\/www.azti.es\/atuneroscongeladores\/wp-json\/wp\/v2\/pages"}],"about":[{"href":"https:\/\/www.azti.es\/atuneroscongeladores\/wp-json\/wp\/v2\/types\/page"}],"author":[{"embeddable":true,"href":"https:\/\/www.azti.es\/atuneroscongeladores\/wp-json\/wp\/v2\/users\/5"}],"replies":[{"embeddable":true,"href":"https:\/\/www.azti.es\/atuneroscongeladores\/wp-json\/wp\/v2\/comments?post=310"}],"version-history":[{"count":4,"href":"https:\/\/www.azti.es\/atuneroscongeladores\/wp-json\/wp\/v2\/pages\/310\/revisions"}],"predecessor-version":[{"id":616,"href":"https:\/\/www.azti.es\/atuneroscongeladores\/wp-json\/wp\/v2\/pages\/310\/revisions\/616"}],"up":[{"embeddable":true,"href":"https:\/\/www.azti.es\/atuneroscongeladores\/wp-json\/wp\/v2\/pages\/80"}],"wp:attachment":[{"href":"https:\/\/www.azti.es\/atuneroscongeladores\/wp-json\/wp\/v2\/media?parent=310"}],"curies":[{"name":"wp","href":"https:\/\/api.w.org\/{rel}","templated":true}]}}